 digit of 278915?
1
What is the millions digit of 7109290?
7
What is the ten millions digit of 12358283?
1
What is the millions digit of 1371756?
1
What is the tens digit of 822802?
0
What is the tens digit of 1206229?
2
What is the thousands digit of 2274723?
4
What is the millions digit of 3422969?
3
What is the thousands digit of 24174424?
4
What is the hundreds digit of 292570?
5
What is the hundreds digit of 532654?
6
What is the thousands digit of 203419?
3
What is the thousands digit of 2735368?
5
What is the thousands digit of 27816883?
6
What is the ten thousands digit of 787170?
8
What is the tens digit of 3853012?
1
What is the thousands digit of 169439?
9
What is the hundreds digit of 9503350?
3
What is the thousands digit of 7302?
7
What is the thousands digit of 20727691?
7
What is the units digit of 12562?
2
What is the units digit of 943067?
7
What is the hundreds digit of 30696208?
2
What is the ten thousands digit of 33066339?
6
What is the ten millions digit of 36640487?
3
What is the ten thousands digit of 89305?
8
What is the ten thousands digit of 161141?
6
What is the ten thousands digit of 3724910?
2
What is the units digit of 502674?
4
What is the thousands digit of 6911088?
1
What is the units digit of 3892276?
6
What is the tens digit of 464349?
4
What is the units digit of 11604817?
7
What is the units digit of 18168651?
1
What is the hundreds digit of 847934?
9
What is the ten thousands digit of 11708583?
0
What is the ten thousands digit of 5105354?
0
What is the tens digit of 203051?
5
What is the ten thousands digit of 215904?
1
What is the hundreds digit of 303073?
0
What is the ten thousands digit of 161205?
6
What is the ten thousands digit of 7283970?
8
What is the thousands digit of 209114?
9
What is the millions digit of 2214802?
2
What is the hundreds digit of 2130?
1
What is the hundreds digit of 566556?
5
What is the hundreds digit of 162532?
5
What is the hundreds digit of 2181423?
4
What is the units digit of 329874?
4
What is the hundred thousands digit of 4634149?
6
What is the hundred thousands digit of 204525?
2
What is the hundreds digit of 1630407?
4
What is the hundred thousands digit of 121205?
1
What is the thousands digit of 6792871?
2
What is the millions digit of 11959281?
1
What is the units digit of 197630?
0
What is the units digit of 5143710?
0
What is the millions digit of 6308974?
6
What is the ten thousands digit of 31003046?
0
What is the thousands digit of 4852038?
2
What is the ten thousands digit of 496489?
9
What is the thousands digit of 6038663?
8
What is the tens digit of 292084?
8
What is the thousands digit of 2339323?
9
What is the thousands digit of 13380723?
0
What is the thousands digit of 1511217?
1
What is the thousands digit of 1703461?
3
What is the thousands digit of 183907?
3
What is the thousands digit of 13906488?
6
What is the hundreds digit of 643552?
5
What is the tens digit of 11371774?
7
What is the ten thousands digit of 624373?
2
What is the ten thousands digit of 4219626?
1
What is the hundred thousands digit of 1406420?
4
What is the ten thousands digit of 8990098?
9
What is the thousands digit of 60634?
0
What is the hundreds digit of 4271381?
3
What is the tens digit of 104376?
7
What is the ten thousands digit of 3619770?
1
What is the tens digit of 210526?
2
What is the tens digit of 82031?
3
What is the units digit of 3079494?
4
What is the ten thousands digit of 1195257?
9
What is the hundreds digit of 790373?
3
What is the thousands digit of 1132827?
2
What is the units digit of 12356358?
8
What is the units digit of 1108325?
5
What is the hundreds digit of 43803599?
5
What is the ten millions digit of 10510545?
1
What is the units digit of 328485?
5
What is the hundred thousands digit of 340618?
3
What is the hundreds digit of 939501?
5
What is the thousands digit of 1702071?
2
What is the ten thousands digit of 10867644?
6
What is the hundreds digit of 238602?
6
What is the hundreds digit of 1718809?
8
What is the tens digit of 1676498?
9
What is the thousands digit of 585319?
5
What is the millions digit of 7991061?
7
What is the thousands digit of 850170?
0
What is the hundred thousands digit of 625453?
6
What is the tens digit of 105534?
3
What is the tens digit of 214927?
2
What is the tens digit of 2914092?
9
What is the hundred thousands digit of 143791?
1
What is the hundred thousands digit of 5511880?
5
What is the hundreds digit of 317490?
4
What is the thousands digit of 457728?
7
What is the hundred thousands digit of 1705367?
7
What is the ten thousands digit of 619113?
1
What is the hundred thousands digit of 184362?
1
What is the units digit of 1409394?
4
What is the hundred thousands digit of 679442?
6
What is the thousands digit of 265760?
5
What is the hundred thousands digit of 579757?
5
What is the hundreds digit of 3456711?
7
What is the hundreds digit of 2905404?
4
What is the units digit of 506710?
0
What is the hundreds digit of 162749?
7
What is the units digit of 1117615?
5
What is the hundred thousands digit of 212744?
2
What is the thousands digit of 19532477?
2
What is the millions digit of 19032048?
9
What is the tens digit of 667504?
0
What is the thousands digit of 272593?
2
What is the hundred thousands digit of 152004?
1
What is the tens digit of 137142?
4
What is the hundreds digit of 122443?
4
What is the millions digit of 3794566?
3
What is the millions digit of 1639763?
1
What is the units digit of 2334636?
6
What is the units digit of 354900?
0
What is the tens digit of 3666628?
2
What is the units digit of 146635?
5
What is the tens digit of 4104?
0
What is the tens digit of 196478?
7
What is the ten thousands digit of 172928?
7
What is the thousands digit of 27692264?
2
What is the units digit of 134874?
4
What is the tens digit of 16197114?
1
What is the hundred thousands digit of 204538?
2
What is the thousands digit of 2482316?
2
What is the thousands digit of 2719638?
9
What is the hundreds digit of 5826240?
2
What is the hundreds digit of 18400995?
9
What is the thousands digit of 19514436?
4
What is the tens digit of 1088503?
0
What is the ten thousands digit of 1431640?
3
What is the tens digit of 85731?
3
What is the millions digit of 1506235?
1
What is the units digit of 329720?
0
What is the thousands digit of 2758395?
8
What is the thousands digit of 2851407?
1
What is the hundreds digit of 19576548?
5
What is the thousands digit of 1641010?
1
What is the hundred thousands digit of 1235328?
2
What is the thousands digit of 60560?
0
What is the thousands digit of 10451240?
1
What is the millions digit of 1003959?
1
What is the units digit of 28859?
9
What is the millions digit of 5744913?
5
What is the millions digit of 1727370?
1
What is the tens digit of 3454565?
6
What is the ten thousands digit of 134675?
3
What is the hundreds digit of 8703422?
4
What is the ten thousands digit of 8262277?
6
What is the ten millions digit of 13779475?
1
What is the thousands digit of 182310?
2
What is the ten thousands digit of 845237?
4
What is the thousands digit of 3512231?
2
What is the hundreds digit of 1021536?
5
What is the hundreds digit of 15898661?
6
What is the units digit of 284985?
5
What is the thousands digit of 1251706?
1
What is the tens digit of 12028349?
4
What is the hundreds digit of 87233?
2
What is the ten thousands digit of 2118285?
1
What is the units digit of 554082?
2
What is the hundred thousands digit of 2638516?
6
What is the millions digit of 9491582?
9
What is the tens digit of 664451?
5
What is the units digit of 190471?
1
What is the ten thousands digit of 259817?
5
What is the tens digit of 22190319?
1
What is the hundred thousands digit of 23256748?
2
What is the units digit of 248280?
0
What is the tens digit of 356792?
9
What is the tens digit of 4165430?
3
What is the units digit of 2985093?
3
What is the thousands digit of 725976?
5
What is the hundreds digit of 9107501?
5
What is the ten millions digit of 21290165?
2
What is the hundred thousands digit of 782983?
7
What is the units digit of 518767?
7
What is the tens digit of 74070?
7
What is the hundreds digit of 2861918?
9
What is the ten thousands digit of 1330256?
3
What is the ten thousands digit of 15139